{"id":186,"date":"2021-03-30T14:41:24","date_gmt":"2021-03-30T12:41:24","guid":{"rendered":"https:\/\/www.ceoi2023.de\/?page_id=186"},"modified":"2023-05-02T16:50:32","modified_gmt":"2023-05-02T14:50:32","slug":"partners","status":"publish","type":"page","link":"https:\/\/www.ceoi2023.de\/index.php\/partners\/","title":{"rendered":"Partners"},"content":{"rendered":"\n<div class=\"wp-block-cover alignfull\" style=\"min-height:907px\"><span aria-hidden=\"true\" class=\"wp-block-cover__background has-nv-site-bg-background-color has-background-dim-100 has-background-dim\"><\/span><div class=\"wp-block-cover__inner-container\">\n<p class=\"has-neve-text-color-color has-text-color\">The core organizers of CEOI 2023 are:<\/p>\n\n\n\n<div class=\"is-layout-flex wp-container-3 wp-block-columns\">\n<div class=\"is-layout-flow wp-block-column\">\n<h3 class=\"has-neve-text-color-color has-text-color\">Bundesweite Informatikwettbewerbe <br>(BWINF)<\/h3>\n\n\n\n<figure class=\"wp-block-image size-large is-resized\"><a href=\"https:\/\/bwinf.de\" target=\"_blank\" rel=\"noreferrer noopener\"><img decoding=\"async\" loading=\"lazy\" src=\"https:\/\/www.ceoi2023.de\/wp-content\/uploads\/2021\/03\/BWINF_Internet_Logo-1024x675.png\" alt=\"\" class=\"wp-image-229\" width=\"474\" height=\"313\" srcset=\"https:\/\/www.ceoi2023.de\/wp-content\/uploads\/2021\/03\/BWINF_Internet_Logo-1024x675.png 1024w, https:\/\/www.ceoi2023.de\/wp-content\/uploads\/2021\/03\/BWINF_Internet_Logo-300x198.png 300w, https:\/\/www.ceoi2023.de\/wp-content\/uploads\/2021\/03\/BWINF_Internet_Logo-768x507.png 768w, https:\/\/www.ceoi2023.de\/wp-content\/uploads\/2021\/03\/BWINF_Internet_Logo.png 1140w\" sizes=\"(max-width: 474px) 100vw, 474px\" \/><\/a><\/figure>\n<\/div>\n\n\n\n<div class=\"is-layout-flow wp-block-column\">\n<h3 class=\"has-neve-text-color-color has-text-color\">eLeMeNTe e.V.<br><\/h3>\n\n\n\n<figure class=\"wp-block-image size-full is-resized\"><a href=\"https:\/\/www.elemente.org\" target=\"_blank\" rel=\"noreferrer noopener\"><img decoding=\"async\" loading=\"lazy\" src=\"https:\/\/www.ceoi2023.de\/wp-content\/uploads\/2023\/04\/elemente.png\" alt=\"\" class=\"wp-image-596\" width=\"306\" height=\"306\" srcset=\"https:\/\/www.ceoi2023.de\/wp-content\/uploads\/2023\/04\/elemente.png 988w, https:\/\/www.ceoi2023.de\/wp-content\/uploads\/2023\/04\/elemente-300x300.png 300w, https:\/\/www.ceoi2023.de\/wp-content\/uploads\/2023\/04\/elemente-150x150.png 150w, https:\/\/www.ceoi2023.de\/wp-content\/uploads\/2023\/04\/elemente-768x768.png 768w\" sizes=\"(max-width: 306px) 100vw, 306px\" \/><\/a><\/figure>\n<\/div>\n<\/div>\n\n\n\n<p class=\"has-neve-text-color-color has-text-color\">We are proud to closely cooperate with<\/p>\n\n\n\n<div class=\"is-layout-flex wp-container-5 wp-block-columns\">\n<div class=\"is-layout-flow wp-block-column is-vertically-aligned-top\">\n<h3 class=\"has-neve-text-color-color has-text-color\">Otto-von-Guericke-Universit\u00e4t Magdeburg, Fakult\u00e4t f\u00fcr Informatik<\/h3>\n\n\n\n<figure class=\"wp-block-image size-full\"><a href=\"https:\/\/www.fin.ovgu.de\/\" target=\"_blank\" rel=\"noreferrer noopener\"><img decoding=\"async\" loading=\"lazy\" width=\"1024\" height=\"169\" src=\"https:\/\/www.ceoi2023.de\/wp-content\/uploads\/2023\/05\/INF_SIGN_web.png\" alt=\"\" class=\"wp-image-668\" srcset=\"https:\/\/www.ceoi2023.de\/wp-content\/uploads\/2023\/05\/INF_SIGN_web.png 1024w, https:\/\/www.ceoi2023.de\/wp-content\/uploads\/2023\/05\/INF_SIGN_web-300x50.png 300w, https:\/\/www.ceoi2023.de\/wp-content\/uploads\/2023\/05\/INF_SIGN_web-768x127.png 768w\" sizes=\"(max-width: 1024px) 100vw, 1024px\" \/><\/a><\/figure>\n<\/div>\n<\/div>\n<\/div><\/div>\n\n\n\n<h3>Max-Planck-Institut f\u00fcr Informatik<\/h3>\n\n\n\n<p class=\"has-neve-link-color-color has-text-color\">BWINF is a joint initiative of <a href=\"https:\/\/gi.de\" data-type=\"URL\" data-id=\"https:\/\/gi.de\" target=\"_blank\" rel=\"noreferrer noopener\">Gesellschaft f\u00fcr Informatik e.V.<\/a> (German Computer Society), <a href=\"https:\/\/www.iuk.fraunhofer.de\" target=\"_blank\" rel=\"noreferrer noopener\">Fraunhofer-Verbund IUK-Technologie<\/a>, and <a href=\"https:\/\/www.mpi-inf.mpg.de\/home\/\" target=\"_blank\" rel=\"noreferrer noopener\">Max-Planck-Institut f\u00fcr Informatik<\/a> (MPI-INF). MPI-INF, in particular, supports BWINF&#8217;s activities in participating and hosting regional CS olympiads like CEOI.<\/p>\n\n\n\n<figure class=\"wp-block-image size-large is-resized\"><a href=\"https:\/\/www.mpi-inf.mpg.de\/home\/\" target=\"_blank\" rel=\"noreferrer noopener\"><img decoding=\"async\" loading=\"lazy\" src=\"https:\/\/www.ceoi2023.de\/wp-content\/uploads\/2021\/04\/mpilogo-inf-narrow-transparent.png\" alt=\"\" class=\"wp-image-309\" width=\"330\" height=\"91\" srcset=\"https:\/\/www.ceoi2023.de\/wp-content\/uploads\/2021\/04\/mpilogo-inf-narrow-transparent.png 390w, https:\/\/www.ceoi2023.de\/wp-content\/uploads\/2021\/04\/mpilogo-inf-narrow-transparent-300x82.png 300w\" sizes=\"(max-width: 330px) 100vw, 330px\" \/><\/a><\/figure>\n","protected":false},"excerpt":{"rendered":"<p>Max-Planck-Institut f\u00fcr Informatik BWINF is a joint initiative of Gesellschaft f\u00fcr Informatik e.V. (German Computer Society), Fraunhofer-Verbund IUK-Technologie, and Max-Planck-Institut f\u00fcr Informatik (MPI-INF). MPI-INF, in particular, supports BWINF&#8217;s activities in participating and hosting regional CS olympiads like CEOI.<\/p>\n","protected":false},"author":1,"featured_media":0,"parent":0,"menu_order":0,"comment_status":"closed","ping_status":"closed","template":"","meta":{"neve_meta_sidebar":"full-width","neve_meta_container":"","neve_meta_enable_content_width":"on","neve_meta_content_width":100,"neve_meta_title_alignment":"","neve_meta_author_avatar":"","neve_post_elements_order":"","neve_meta_disable_header":"","neve_meta_disable_footer":"","neve_meta_disable_title":"","ngg_post_thumbnail":0},"_links":{"self":[{"href":"https:\/\/www.ceoi2023.de\/index.php\/wp-json\/wp\/v2\/pages\/186"}],"collection":[{"href":"https:\/\/www.ceoi2023.de\/index.php\/wp-json\/wp\/v2\/pages"}],"about":[{"href":"https:\/\/www.ceoi2023.de\/index.php\/wp-json\/wp\/v2\/types\/page"}],"author":[{"embeddable":true,"href":"https:\/\/www.ceoi2023.de\/index.php\/wp-json\/wp\/v2\/users\/1"}],"replies":[{"embeddable":true,"href":"https:\/\/www.ceoi2023.de\/index.php\/wp-json\/wp\/v2\/comments?post=186"}],"version-history":[{"count":17,"href":"https:\/\/www.ceoi2023.de\/index.php\/wp-json\/wp\/v2\/pages\/186\/revisions"}],"predecessor-version":[{"id":682,"href":"https:\/\/www.ceoi2023.de\/index.php\/wp-json\/wp\/v2\/pages\/186\/revisions\/682"}],"wp:attachment":[{"href":"https:\/\/www.ceoi2023.de\/index.php\/wp-json\/wp\/v2\/media?parent=186"}],"curies":[{"name":"wp","href":"https:\/\/api.w.org\/{rel}","templated":true}]}}